{"id":99,"date":"2020-06-04T13:35:26","date_gmt":"2020-06-04T11:35:26","guid":{"rendered":"http:\/\/fannieb.cluster028.hosting.ovh.net\/?page_id=99"},"modified":"2020-06-04T13:35:26","modified_gmt":"2020-06-04T11:35:26","slug":"consultation-a-distance","status":"publish","type":"page","link":"https:\/\/fanniedecaux.fr\/index.php\/specialites\/consultation-a-distance\/","title":{"rendered":"Consultation \u00e0 distance"},"content":{"rendered":"\n<p>Depuis le d\u00e9but de la pand\u00e9mie du coronavirus, je propose \u00e9galement des <strong>consultations t\u00e9l\u00e9phoniques simples ou par visio-conf\u00e9rences<\/strong> afin de pouvoir permettre aux <strong>personnes \u00e0 risque<\/strong> de b\u00e9n\u00e9ficier d\u2019un soutien psychologique ou de continuer leur psychoth\u00e9rapie dans les meilleures dispositions. Si vous \u00eates dans ce cas, n\u2019h\u00e9sitez pas \u00e0 prendre contact avec moi, afin que nous choisissions ensemble un dispositif qui vous conviendra.<\/p>\n","protected":false},"excerpt":{"rendered":"<p class=\"text-justify\">Depuis le d\u00e9but de la pand\u00e9mie du coronavirus, je propose \u00e9galement des consultations t\u00e9l\u00e9phoniques simples ou par visio-conf\u00e9rences afin de pouvoir permettre [&hellip;]<\/p>\n","protected":false},"author":1,"featured_media":0,"parent":32,"menu_order":0,"comment_status":"closed","ping_status":"closed","template":"","meta":{"footnotes":""},"_links":{"self":[{"href":"https:\/\/fanniedecaux.fr\/index.php\/wp-json\/wp\/v2\/pages\/99"}],"collection":[{"href":"https:\/\/fanniedecaux.fr\/index.php\/wp-json\/wp\/v2\/pages"}],"about":[{"href":"https:\/\/fanniedecaux.fr\/index.php\/wp-json\/wp\/v2\/types\/page"}],"author":[{"embeddable":true,"href":"https:\/\/fanniedecaux.fr\/index.php\/wp-json\/wp\/v2\/users\/1"}],"replies":[{"embeddable":true,"href":"https:\/\/fanniedecaux.fr\/index.php\/wp-json\/wp\/v2\/comments?post=99"}],"version-history":[{"count":1,"href":"https:\/\/fanniedecaux.fr\/index.php\/wp-json\/wp\/v2\/pages\/99\/revisions"}],"predecessor-version":[{"id":100,"href":"https:\/\/fanniedecaux.fr\/index.php\/wp-json\/wp\/v2\/pages\/99\/revisions\/100"}],"up":[{"embeddable":true,"href":"https:\/\/fanniedecaux.fr\/index.php\/wp-json\/wp\/v2\/pages\/32"}],"wp:attachment":[{"href":"https:\/\/fanniedecaux.fr\/index.php\/wp-json\/wp\/v2\/media?parent=99"}],"curies":[{"name":"wp","href":"https:\/\/api.w.org\/{rel}","templated":true}]}}